0
What is the greatest common factor of 1861615 and 133?
7
Calculate the highest common factor of 271 and 206004173.
271
Calculate the highest common factor of 790 and 106334.
158
What is the highest common factor of 238 and 704970?
14
Calculate the greatest common factor of 527 and 66459392.
17
What is the highest common factor of 7235836480 and 6634?
6634
Calculate the greatest common divisor of 3074 and 4716682.
106
What is the greatest common factor of 1653793 and 3911477?
3947
What is the greatest common factor of 124080 and 1880340?
660
Calculate the highest common factor of 1141278 and 469.
67
Calculate the greatest common divisor of 18 and 25412694.
6
What is the highest common factor of 152954862 and 10674?
3558
What is the highest common divisor of 480 and 5014920?
120
Calculate the greatest common divisor of 17835 and 15783360.
615
Calculate the greatest common divisor of 117028 and 16201.
17
What is the greatest common divisor of 15908472 and 227367?
3609
What is the greatest common factor of 12850290 and 144?
18
Calculate the greatest common factor of 302 and 470.
2
Calculate the highest common factor of 92512476 and 210456.
2844
Calculate the greatest common factor of 10341423 and 51.
51
Calculate the greatest common divisor of 4115232 and 12155616.
9504
What is the greatest common factor of 483 and 1671801?
69
Calculate the greatest common factor of 37 and 1728381.
37
What is the highest common divisor of 6214735 and 340?
5
What is the highest common factor of 216804665 and 77?
77
Calculate the greatest common divisor of 9588 and 3064212.
564
Calculate the highest common factor of 2542148 and 76132.
28
What is the greatest common divisor of 32127749 and 8258?
4129
What is the highest common factor of 69525486 and 54?
54
Calculate the greatest common divisor of 620004 and 372295.
77
Calculate the greatest common factor of 309153912 and 36.
12
What is the greatest common divisor of 73057 and 100878?
43
Calculate the greatest common factor of 51 and 106775623.
17
What is the highest common factor of 13 and 267043192?
13
Calculate the greatest common factor of 73310 and 1600.
10
What is the greatest common factor of 864273 and 324452?
2797
What is the greatest common divisor of 3464326 and 5485?
1097
What is the greatest common factor of 2188225 and 36595?
65
What is the highest common factor of 1470 and 588660?
30
Calculate the highest common divisor of 13208 and 386893.
13
What is the highest common divisor of 47377 and 2076558?
803
Calculate the highest common factor of 2985945 and 85785.
285
What is the highest common divisor of 3486 and 987949?
83
Calculate the greatest common factor of 13268362 and 20582.
502
Calculate the greatest common divisor of 9504 and 2584296.
792
What is the greatest common factor of 953521821 and 5419?
5419
What is the greatest common factor of 105291574 and 986?
34
What is the highest common divisor of 8854 and 48476116?
466
What is the greatest common factor of 4508 and 146257?
23
Calculate the highest common divisor of 1186892 and 70357.
3059
Calculate the greatest common divisor of 12252 and 20084091.
3063
Calculate the highest common divisor of 1393052 and 1802.
106
Calculate the highest common divisor of 510086 and 2.
2
What is the highest common factor of 382389 and 596449?
973
Calculate the greatest common divisor of 3432 and 789256.
104
What is the greatest common factor of 12651178 and 1175?
47
Calculate the greatest common factor of 5424 and 222528.
48
Calculate the greatest common factor of 240 and 4002540.
60
Calculate the greatest common divisor of 273 and 10737792.
39
Calculate the greatest common factor of 14711052 and 415140.
7548
Calculate the greatest common factor of 450 and 2278503.
9
Calculate the highest common factor of 3351337 and 1441.
11
What is the highest common divisor of 539170905 and 3237?
3237
What is the greatest common factor of 1720 and 84597770?
430
Calculate the greatest common divisor of 1705740 and 13740.
60
What is the highest common factor of 35383 and 648976?
863
What is the highest common factor of 1539 and 1452291201?
1539
Calculate the highest common divisor of 8931 and 4914429.
39
What is the highest common divisor of 8085 and 1134105?
735
Calculate the greatest common divisor of 17251081 and 4881.
1627
What is the highest common divisor of 53452 and 38548?
92
What is the highest common divisor of 163208 and 77878?
46
What is the highest common factor of 108579 and 670803?
51
Calculate the greatest common factor of 9037259 and 48923.
1687
Calculate the highest common factor of 909 and 54736950.
303
Calculate the greatest common divisor of 399172787 and 117.
13
What is the highest common divisor of 2272825 and 8015?
1145
Calculate the highest common divisor of 320 and 457734080.
320
Calculate the greatest common factor of 277122 and 4.
2
Calculate the greatest common divisor of 1417975 and 575.
25
What is the highest common factor of 96 and 209587872?
96
Calculate the greatest common divisor of 43995 and 123555.
15
What is the greatest common divisor of 4369 and 8823?
17
What is the highest common divisor of 517 and 1477861?
11
Calculate the greatest common factor of 4566 and 831240300.
4566
What is the highest common divisor of 66 and 2720314674?
66
Calculate the greatest common divisor of 158641 and 547449.
917
What is the highest common divisor of 16 and 12323297?
1
Calculate the greatest common factor of 331840 and 23302.
122
What is the greatest common factor of 752 and 8924548?
188
What is the highest common divisor of 9689817 and 31?
1
Calculate the highest common factor of 241298 and 78302.
1598
What is the greatest common divisor of 7500807 and 7704?
963
What is the greatest common divisor of 202798136 and 574?
82
Calculate the greatest common factor of 250 and 26329825.
25
Calculate the highest common divisor of 1606688 and 93536.
1184
What is the greatest common divisor of 28270833 and 6531?
933
Calculate the highest common divisor of 123889 and 3787.
541
What is the greatest common factor of 6341380 and 80?
20
Calculate the greatest common divisor of 539 and 197989.
11
Calculate the greatest common divisor of 70119 and 184122.
477
Calculate the highest common factor of 157671651 and 17731.
2533
Calculate the highest common factor of 283860 and 3150348.
996
What is the highest common divisor of 65915218 and 171?
19
What is the greatest common divisor of 182253 and 124578?
2307
What is the highest common divisor of 24104 and 483713?
23
What is the highest common factor of 20231050 and 350?
350
What is the highest common divisor of 7325832 and 96?
24
Calculate the greatest common divisor of 576770 and 4795.
685
What is the greatest common factor of 223618690 and 90?
10
What is the greatest common factor of 12817719 and 1125?
9
Calculate the highest common factor of 19 and 7592153.
19
What is the greatest common factor of 1137780 and 3374?
14
What is the highest common factor of 2550 and 7385650?
850
Calculate the highest common divisor of 43266479 and 34.
17
Calculate the greatest common divisor of 48 and 38766192.
48
Calculate the highest common divisor of 229343334 and 66.
66
What is the greatest common divisor of 3140 and 2290630?
1570
Calculate the highest common divisor of 254880 and 24485.
295
Calculate the greatest common divisor of 228667 and 289.
17
What is the highest common divisor of 2588940198 and 351?
351
What is the highest common divisor of 21070790 and 520?
130
Calculate the highest common divisor of 2460 and 54685185.
615
What is the greatest common factor of 15110854 and 14454?
1606
Calculate the greatest common divisor of 57868 and 336515.
629
What is the greatest common divisor of 155 and 1553705?
5
What is the greatest common divisor of 5438693 and 2964?
247
What is the highest common divisor of 585733163 and 61?
61
Calculate the greatest common factor of 1479 and 131537823.
1479
Calculate the highest common divisor of 10 and 170146890.
10
Calculate the greatest common factor of 273303 and 162.
9
What is the greatest common divisor of 26878655 and 430?
215
What is the highest common factor of 170 and 53159510?
170
What is the highest common factor of 166739616 and 48?
48
Calculate the greatest common factor of 3406300 an